{"id":7761,"date":"2025-04-03T17:52:18","date_gmt":"2025-04-03T17:52:18","guid":{"rendered":"https:\/\/arsantos-advogados.com\/?page_id=7761"},"modified":"2025-12-30T17:31:24","modified_gmt":"2025-12-30T17:31:24","slug":"termos-e-condicoes","status":"publish","type":"page","link":"https:\/\/arsantos-advogados.com\/index.php\/termos-e-condicoes\/","title":{"rendered":"Termos e condi\u00e7\u00f5es"},"content":{"rendered":"<div class=\"wpb-content-wrapper\"><p>[vc_row][vc_column][vc_column_text css=&#8221;&#8221;]<\/p>\n<h3><\/h3>\n<h3><\/h3>\n<h3><strong>Termos e Condi\u00e7\u00f5es<\/strong><\/h3>\n<p><strong>Termos e Condi\u00e7\u00f5es de Uso do Website<br \/>\n<\/strong>Bem-vindo ao site da ARS Advogados, de propriedade ARS Advogados \u2013 Andr\u00e9 R. dos Santos . Ao navegar neste site, est\u00e1 a concordar com os seguintes Termos e Condi\u00e7\u00f5es:<\/p>\n<p>&nbsp;<\/p>\n<h4><strong>1. Propriedade e Uso do Website<\/strong><\/h4>\n<p>1.1. Este website \u00e9 propriedade de Andr\u00e9 R dos Santos , com sede na Rua dos Combatentes do Ultramar, n.\u00ba 32-B<br \/>\n2700-506 Loures, e NIF 261500767.<br \/>\n1.2. O conte\u00fado disponibilizado neste site \u00e9 exclusivamente informativo e pode ser alterado ou atualizado sem aviso pr\u00e9vio.<\/p>\n<p>&nbsp;<\/p>\n<h4><strong>2. Propriedade Intelectual<\/strong><\/h4>\n<p>2.1. Todos os textos, imagens, logotipos, designs e outros conte\u00fados apresentados neste site s\u00e3o propriedade da ARS Advogados ou est\u00e3o devidamente licenciados.<br \/>\n2.2. \u00c9 proibida a reprodu\u00e7\u00e3o, modifica\u00e7\u00e3o, distribui\u00e7\u00e3o ou qualquer outra utiliza\u00e7\u00e3o dos conte\u00fados sem autoriza\u00e7\u00e3o pr\u00e9via e por escrito.<br \/>\n2.3\u00a0 Alguns dos conte\u00fados deste site s\u00e3o fornecidos por\u00a0<a class=\"\" href=\"https:\/\/www.freepik.com\/\" target=\"_new\" rel=\"noopener\" data-start=\"731\" data-end=\"765\">Freepik\u00a0<\/a>e\u00a0<a href=\"http:\/\/unsplash.com\/\">Unsplash<\/a>\u00a0de acordo com as suas pol\u00edticas de uso gratuito.<\/p>\n<p>&nbsp;<\/p>\n<h4><strong>3. Limita\u00e7\u00e3o de Responsabilidade<\/strong><\/h4>\n<p>3.1. A ARS Advogados n\u00e3o se responsabiliza por eventuais erros, omiss\u00f5es ou desactualiza\u00e7\u00f5es no conte\u00fado do site.<br \/>\n3.2. A empresa n\u00e3o pode ser responsabilizada por danos ou preju\u00edzos decorrentes do uso das informa\u00e7\u00f5es disponibilizadas neste website.<\/p>\n<p>&nbsp;<\/p>\n<h4><strong>4. Links Externos<\/strong><\/h4>\n<p>4.1. O website pode conter links para sites de terceiros. A ARS Advogados n\u00e3o se responsabiliza pelo conte\u00fado, pr\u00e1ticas de privacidade ou pol\u00edticas de quaisquer sites externos.<\/p>\n<p>&nbsp;<\/p>\n<h4><strong>5. Altera\u00e7\u00f5es aos Termos e Condi\u00e7\u00f5es<\/strong><\/h4>\n<p>5.1. A ARS Advogados reserva-se o direito de alterar estes Termos e Condi\u00e7\u00f5es a qualquer momento. Recomendamos a consulta regular desta p\u00e1gina.<\/p>\n<p>&nbsp;<\/p>\n<h4><strong>6. Legisla\u00e7\u00e3o Aplic\u00e1vel e Jurisdi\u00e7\u00e3o<\/strong><\/h4>\n<p>6.1. Estes Termos e Condi\u00e7\u00f5es regem-se pela legisla\u00e7\u00e3o portuguesa.<br \/>\n6.2. Qualquer disputa ser\u00e1 resolvida nos tribunais portugueses competentes.[\/vc_column_text][\/vc_column][\/vc_row]<\/p>\n<\/div>","protected":false},"excerpt":{"rendered":"<p>[vc_row][vc_column][vc_column_text css=&#8221;&#8221;] Termos e Condi\u00e7\u00f5es Termos e Condi\u00e7\u00f5es de Uso do Website Bem-vindo ao site da ARS Advogados, de propriedade ARS Advogados \u2013 Andr\u00e9 R. dos Santos . Ao navegar neste site, est\u00e1 a concordar com os seguintes Termos e Condi\u00e7\u00f5es: &nbsp; 1. Propriedade e Uso do Website 1.1. Este website \u00e9 propriedade de Andr\u00e9 [&hellip;]<\/p>\n","protected":false},"author":1,"featured_media":0,"parent":0,"menu_order":0,"comment_status":"closed","ping_status":"closed","template":"one-page-template.php","meta":{"_joinchat":[],"footnotes":""},"class_list":["post-7761","page","type-page","status-publish","hentry"],"_links":{"self":[{"href":"https:\/\/arsantos-advogados.com\/index.php\/wp-json\/wp\/v2\/pages\/7761","targetHints":{"allow":["GET"]}}],"collection":[{"href":"https:\/\/arsantos-advogados.com\/index.php\/wp-json\/wp\/v2\/pages"}],"about":[{"href":"https:\/\/arsantos-advogados.com\/index.php\/wp-json\/wp\/v2\/types\/page"}],"author":[{"embeddable":true,"href":"https:\/\/arsantos-advogados.com\/index.php\/wp-json\/wp\/v2\/users\/1"}],"replies":[{"embeddable":true,"href":"https:\/\/arsantos-advogados.com\/index.php\/wp-json\/wp\/v2\/comments?post=7761"}],"version-history":[{"count":15,"href":"https:\/\/arsantos-advogados.com\/index.php\/wp-json\/wp\/v2\/pages\/7761\/revisions"}],"predecessor-version":[{"id":8000,"href":"https:\/\/arsantos-advogados.com\/index.php\/wp-json\/wp\/v2\/pages\/7761\/revisions\/8000"}],"wp:attachment":[{"href":"https:\/\/arsantos-advogados.com\/index.php\/wp-json\/wp\/v2\/media?parent=7761"}],"curies":[{"name":"wp","href":"https:\/\/api.w.org\/{rel}","templated":true}]}}